-98
Let c(o) = -o**3 + 9*o**2 + 8*o - 55. What is c(11)?
-209
Let v(x) = -2*x**3 - 7*x**2 + 96*x - 22. Determine v(6).
-130
Let g(a) = a**2 - 16*a - 18. Calculate g(19).
39
Let v(w) = -9*w + 9. Calculate v(-55).
504
Let a(x) = -x**3 + 4*x**2 + 25*x + 45. Determine a(-2).
19
Let s(d) = -5*d**2 - 47*d - 50. Calculate s(-13).
-284
Let f(y) = y**2 - 115*y - 4526. Determine f(-31).
0
Let d(l) = 5527*l - 160285. Give d(29).
-2
Let p(r) = 49*r + 6602. Determine p(-135).
-13
Let g(o) = -o**3 - 6*o**2 - 3*o + 7. What is g(-7)?
77
Let x(r) = r**3 + 6*r**2 - 46*r - 49. Calculate x(-12).
-361
Let p(u) = 22*u - 72. Give p(-6).
-204
Let y(g) = -11*g - 74. What is y(-12)?
58
Let o(q) = -q**2 + 315*q + 1593. Calculate o(-5).
-7
Let c(h) = 127*h + 7489. Give c(-59).
-4
Let h(b) = b**3 + 58*b**2 - 177*b + 314. Calculate h(-61).
-52
Let s(t) = 876*t - 18405. Give s(21).
-9
Let c(d) = -d + 180. What is c(-27)?
207
Let h(f) = 6*f**2 - 7*f + 9. Give h(-5).
194
Let z(n) = 8*n + 123. Determine z(-12).
27
Let t(p) = -p**3 + 16*p**2 - 46*p - 77. What is t(11)?
22
Let a(b) = -115*b - 691. Give a(-6).
-1
Let z(k) = -426*k**2 - 8940*k + 123. Calculate z(-21).
-3
Let d(j) = -j**3 - 116*j**2 - 443*j + 622. What is d(-112)?
62
Let w(m) = 8*m + 475. What is w(-60)?
-5
Let u(h) = -3*h**2 + 265*h + 1103. What is u(-4)?
-5
Let w(p) = 15*p**3 + 20*p**2 + 3*p - 4. Calculate w(2).
202
Let i(t) = 3*t**3 - 3*t**2 - 9*t - 11. Determine i(5).
244
Let k(z) = 296*z + 5334. Calculate k(-18).
6
Let o(r) = 2*r**2 - 187*r + 1222. Calculate o(7).
11
Let w(v) = -v**2 - 19*v + 454. Calculate w(-32).
38
Let s(f) = 40*f - 26. What is s(5)?
174
Let r(k) = 2*k + 63. Calculate r(21).
105
Let g(u) = 2*u**2 - 21*u + 6. Calculate g(6).
-48
Let k(v) = -262*v - 401. Give k(-1).
-139
Let l(a) = -2048*a - 24576. Give l(-12).
0
Let w(x) = -358*x + 2142. Determine w(6).
-6
Let g(n) = -53*n**2 + 160*n - 7. Calculate g(3).
-4
Let q(y) = -y**2 - 13*y + 362. What is q(21)?
-352
Let m(b) = b**3 - 38*b**2 + 76*b - 176. Calculate m(36).
-32
Let l(z) = -77*z - 22. What is l(0)?
-22
Let o(h) = 530*h - 2022. Determine o(4).
98
Let c(h) = -42*h + 40. Give c(4).
-128
Let c(g) = g**2 - 8*g - 306. Calculate c(22).
2
Let m(q) = -623*q - 4366. What is m(-7)?
-5
Let m(h) = h**3 - 138*h**2 + 262*h + 1326. What is m(136)?
-34
Let o(q) = q**3 - 34*q**2 + 187*q - 19. Give o(7).
-33
Let p(s) = -11*s + 387. What is p(46)?
-119
Let v(r) = 29*r**2 - 144*r + 1. What is v(5)?
6
Let d(h) = -116*h + 337. Determine d(3).
-11
Let b(r) = 710*r - 13487. What is b(19)?
3
Let r(y) = 9*y + 136. Determine r(-33).
-161
Let i(t) = -423*t + 1737. Determine i(4).
45
Let d(r) = r**2 - 9*r - 324. Give d(-12).
-72
Let a(r) = -r**3 + 21*r**2 - 30*r + 1178. What is a(22)?
34
Let o(n) = n**3 + 28*n**2 - 60*n - 703. What is o(-29)?
196
Let b(o) = -14*o - 5. Calculate b(-3).
37
Let m(h) = 2*h**2 + 68*h + 113. Calculate m(-33).
47
Let b(f) = f**3 + 2*f**2 + 5*f - 26. Give b(-6).
-200
Let d(k) = -k**3 + 8*k**2 - 4*k + 616. What is d(12)?
-8
Let d(m) = -94*m - 31. What is d(0)?
-31
Let q(m) = -57*m**2 + 15*m + 17. What is q(-1)?
-55
Let z(t) = t**2 + 65*t + 592. What is z(-42)?
-374
Let g(x) = -3*x**2 + 14*x + 16. What is g(6)?
-8
Let u(y) = -2*y**3 - 2*y**2 + 52*y + 11. What is u(-7)?
235
Let u(v) = v**3 - 11*v**2 - 4*v - 69. Calculate u(12).
27
Let h(n) = -n**3 + 4*n**2 + 15*n - 59. Determine h(4).
1
Let y(v) = -261*v - 15633. Give y(-60).
27
Let o(s) = -55*s - 370. Determine o(-7).
15
Let g(b) = 270*b - 154. Calculate g(3).
656
Let c(n) = -110*n - 2071. Give c(-19).
19
Let m(z) = -22*z**2 - 12*z - 46. Give m(-3).
-208
Let r(a) = 14*a + 7. Calculate r(9).
133
Let j(i) = 130*i - 4828. Give j(36).
-148
Let u(q) = 5*q**2 + 194*q + 1087. Calculate u(-32).
-1
Let s(t) = -42*t**2 - 3*t + 10. Calculate s(0).
10
Let g(v) = 734*v - 3701. Calculate g(5).
-31
Let u(i) = i**3 - 66*i**2 - 126*i + 3952. What is u(67)?
-1
Let h(p) = -63*p**2 - 397*p - 83. What is h(-6)?
31
Let t(i) = -340*i**3 - 2*i**2 + 453*i + 454. Determine t(-1).
339
Let b(m) = 2*m**2 - 199*m - 6217. Determine b(-25).
8
Let n(z) = 77*z - 1003. Give n(13).
-2
Let l(m) = -m**2 - 20*m + 1927. Determine l(39).
-374
Let l(x) = -250*x + 147. Calculate l(1).
-103
Let u(g) = 17*g + 31. Determine u(0).
31
Let w(j) = 10*j + 23. Determine w(5).
73
Let h(t) = 45*t**2 + 6752*t + 304. Give h(-150).
4
Let s(k) = 187*k + 1293. What is s(-6)?
171
Let l(q) = 166*q + 659. Calculate l(-4).
-5
Let c(t) = 174*t - 2778. Calculate c(16).
6
Let b(h) = -h**3 + h**2 + 874*h - 98. Calculate b(30).
22
Let x(y) = -6*y**2 - 47*y - 100. What is x(-6)?
-34
Let n(t) = t**2 - 120*t + 568. Calculate n(5).
-7
Let m(o) = -7*o**2 + 24*o - 29. Calculate m(5).
-84
Let g(x) = x**3 + 564*x**2 - 2848*x + 18. What is g(5)?
3
Let t(x) = -x**2 - 138*x + 403. Give t(3).
-20
Let c(n) = -2*n**3 + 47*n**2 - 9*n + 73. What is c(24)?
-719
Let u(o) = -o**3 - 6*o**2 + 8*o + 15. What is u(-7)?
8
Let a(u) = -u**2 - 15*u - 68. Calculate a(-5).
-18
Let x(m) = -5*m**2 - 96*m - 307. What is x(-15)?
8
Let c(k) = 117*k + 470. What is c(-4)?
2
Let y(u) = -2*u**3 + 16*u**2 + 25*u - 66. Calculate y(9).
-3
Let m(c) = -177*c**2 + 4603*c + 27. Give m(26).
53
Let t(j) = 843*j - 3345. What is t(4)?
27
Let f(j) = 130*j - 1045. Calculate f(8).
-5
Let g(j) = -j**3 - 7*j**2 + 105*j + 99. Give g(-14).
1
Let m(j) = -2*j**3 + 4*j**2 + 75*j + 253. What is m(-5)?
228
Let p(j) = 13*j**2 - 156*j + 139. Calculate p(11).
-4
Let g(z) = z**2 + 11*z - 43. Determine g(-14).
-1
Let i(m) = m**3 - 37*m**2 - 31*m - 252. Give i(38).
14
Let w(f) = 9*f + 65. Determine w(-6).
11
Let q(a) = 17*a**3 + 21*a + 45. Calculate q(-2).
-133
Let w(i) = 25*i - 594. Give w(24).
6
Let v(u) = 2*u**3 + 62*u**2 - 4*u - 129. What is v(-31)?
-5
Let b(i) = 2*i**2 + 7*i + 447. What is b(0)?
447
Let p(h) = -196*h - 1386. What is p(-7)?
-14
Let i(w) = -143*w - 1569. Determine i(-11).
4
Let j(n) = -2*n - 128. Give j(-45).
-38
Let l(m) = -10*m**2 - 38*m - 60. What is l(-6)?
-192
Let h(v) = -v**3 + 111*v - 13. Give h(-11).
97
Let b(t) = -t**3 - 57*t**2 - 115*t - 169. Calculate b(-55).
106
Let g(k) = -29*k + 354. What is g(9)?
93
Let o(z) = z**3 - 18*z**2 - 14*z + 7. Calculate o(18).
-245
Let f(y) = -3*y**2 - 8*y + 11. Calculate f(4).
-69
Let a(w) = w**3 - 208*w**2 - 208*w - 213. Give a(209).
-4
Let p(x) = -x**3 - 12*x**2 - 14*x + 19. Determine p(-6).
-113
Let x(a) = -a**2 - 13*a + 44. What is x(-15)?
14
Let v(x) = 20*x - 1829. Determine v(91).
-9
Let p(x) = x**3 - 55*x**2 - 111*x - 40. Determine p(57).
131
Let i(x) = -2*x**3 - 33*x**2 + 16*x - 8. What is i(-17)?
9
Let v(l) = -l**3 - 16*l**2 + 11*l - 3. What is v(-17)?
99
Let o(p) = -16*p - 22. Calculate o(4).
-86
Let m(o) = -o**3 + 9*o**2 - 94. What is m(6)?
14
Let t(j) = -8*j - 9. Give t(-7).
47
Let k(q) = 2*q**2 + 72*q - 53. What is k(-19)?
-699
Let i(k) = -k**2 - 64*k - 459. Calculate i(-56).
-11
Let a(k) = 2*k**3 + 4*k**2 + 242*k - 4. What is a(0)?
-4
Let y(m) = -22*m**2 + 76*m + 1. What is y(3)?
31
Let n(w) = -2*w**2 - 66*w - 384. Calculate n(-8).
16
Let a(i) = -i**3 - 2*i**2 + 9*i + 49. Give a(4).
-11
Let f(j) = -358*j**3 + j**2 + 2*j - 2. Determine f(1).
-357
Let x(d) = -2*d**3 + 40*d**2 - 49*d + 64. Give x(19).
-145
Let x(r) = -r**3 - 48*r**2 + 101*r + 20. Calculate x(-50).
-30
Let n(y) = y**2 + 89*y - 6000. Give n(-134).
30
Let k(b) = 215*b + 8772. Calculate k(-41).
-43
Let j(s) = -2*s**2 + 26*s + 92. Give j(15).
32
Let a(d) = d**2 - 62*d + 376. Give a(7).
-9
Let q(o) = 31*o**2 - 211*o + 12. Give q(7).
54
Let d(s) = s**3 + 5*s**2 - s + 13. Give d(-7).
-78
Let f(b) = 61*b**3 + 2*b**2 - 68*b + 67. Calculate f(1).
62
Let n(l) = -l**3 - 2*l**2 + 71*l + 546. Calculate n(-7).
294
Let i(f) = f**2 - 110*f - 2297. Calculate i(-18).
7
Let o(u) = -u**3 - 19*u**2 - 107*u - 518. Determine o(-14).
0
Let n(u) = -u**3 + 18*u**2 - 19*u - 41. Calculate n(16).
167
Let l(w) = w**3 - 15*w**2 - 55*w + 41. Determine l(18).
23
Let r(j) = 14*j - 142. Determine r(7).
-44
Let w(j) = j**3 - 19*j**2 + 6*j + 90. Give w(19).
204
Let r(f) = 3*f**3 + f**2 - 8*f - 13. Determine r(-2).
-17
Let o(a) = -a**2 - 41*a - 163. What is o(-4)?
-15
Let m(i) = i**2 - 12*i - 215. What is m(-11)?
38
Let w(c) = 126*c - 40. What is w(-2)?
-292
Let g(p) = -2*p**3 + p**2 + 73*p + 164. Determine g(-3).
8
Let